{"id":200,"date":"2023-12-02T17:29:43","date_gmt":"2023-12-02T16:29:43","guid":{"rendered":"https:\/\/michelgerard.deghorain.com\/?page_id=200"},"modified":"2023-12-02T17:48:25","modified_gmt":"2023-12-02T16:48:25","slug":"projet-durbanisation","status":"publish","type":"page","link":"https:\/\/michelgerard.deghorain.com\/index.php\/projet-durbanisation\/","title":{"rendered":"Projet d&rsquo;urbanisation"},"content":{"rendered":"\n<p>Le 2 d\u00e9cembre 2023, dans une d\u00e9marche de transparence que l&rsquo;on ne peut que saluer, la municipalit\u00e9 \u00e0 permis \u00e0 qui le souhaitait d&rsquo;assister \u00e0 un d\u00e9but d&rsquo;\u00e9change autour d&rsquo;un projet d&rsquo;urbanisation portant sur un zone \u00e0 la B\u00e9gassi\u00e8re et 2 zones dans le quartier de la Fougerolle, cette page se veut un espace d&rsquo;\u00e9change entre citoyens \u00e0 propos de la partie de ce projet portant sur ces deux zones : <strong>Le Petit Marais<\/strong> et <strong>Le Tuel<\/strong>.<\/p>\n\n\n\n<p><\/p>\n\n\n\n<p>Cette page se veut r\u00e9ellement un espace d&rsquo;\u00e9change au travers d&rsquo;un forum auquel nous demandons \u00e0 la municipalit\u00e9 de se joindre en r\u00e9pondant aux messages et questions qui y seront d\u00e9pos\u00e9e. Il ne s&rsquo;agit en aucun cas d&rsquo;un espace de critique et se veut bienveillant. Toutes activit\u00e9s partisanes, verbalement violentes seront rejet\u00e9es par les administrateurs. Le forum pourra \u00eatre \u00e9ventuellement \u00e9tendu \u00e0 l&rsquo;ensemble de la population.<\/p>\n\n\n\n<p>Il contient donc plusieurs parties :<\/p>\n\n\n\n<ul class=\"wp-block-list\">\n<li>Des informations utiles comme les d\u00e9briefing auxquels nous participerons \u00e9ventuellement<\/li>\n\n\n\n<li>Un <a href=\"https:\/\/michelgerard.deghorain.com\/index.php\/projet-durbanisation\/forum-dechanges-au-sujet-des-projets-durbanisation\/\" data-type=\"page\" data-id=\"208\">Forum<\/a> qui est le lieu r\u00e9el de l&rsquo;\u00e9change.<\/li>\n<\/ul>\n\n\n\n<p><\/p>\n","protected":false},"excerpt":{"rendered":"<p>Le 2 d\u00e9cembre 2023, dans une d\u00e9marche de transparence que l&rsquo;on ne peut que saluer, la municipalit\u00e9 \u00e0 permis \u00e0 qui le souhaitait d&rsquo;assister \u00e0 un d\u00e9but d&rsquo;\u00e9change autour d&rsquo;un projet d&rsquo;urbanisation portant sur un zone \u00e0 la B\u00e9gassi\u00e8re et 2 zones dans le quartier de la Fougerolle, cette page se veut un espace d&rsquo;\u00e9change [&hellip;]<\/p>\n","protected":false},"author":1,"featured_media":0,"parent":0,"menu_order":0,"comment_status":"closed","ping_status":"closed","template":"","meta":{"footnotes":""},"class_list":["post-200","page","type-page","status-publish","hentry"],"_links":{"self":[{"href":"https:\/\/michelgerard.deghorain.com\/index.php\/wp-json\/wp\/v2\/pages\/200","targetHints":{"allow":["GET"]}}],"collection":[{"href":"https:\/\/michelgerard.deghorain.com\/index.php\/wp-json\/wp\/v2\/pages"}],"about":[{"href":"https:\/\/michelgerard.deghorain.com\/index.php\/wp-json\/wp\/v2\/types\/page"}],"author":[{"embeddable":true,"href":"https:\/\/michelgerard.deghorain.com\/index.php\/wp-json\/wp\/v2\/users\/1"}],"replies":[{"embeddable":true,"href":"https:\/\/michelgerard.deghorain.com\/index.php\/wp-json\/wp\/v2\/comments?post=200"}],"version-history":[{"count":4,"href":"https:\/\/michelgerard.deghorain.com\/index.php\/wp-json\/wp\/v2\/pages\/200\/revisions"}],"predecessor-version":[{"id":210,"href":"https:\/\/michelgerard.deghorain.com\/index.php\/wp-json\/wp\/v2\/pages\/200\/revisions\/210"}],"wp:attachment":[{"href":"https:\/\/michelgerard.deghorain.com\/index.php\/wp-json\/wp\/v2\/media?parent=200"}],"curies":[{"name":"wp","href":"https:\/\/api.w.org\/{rel}","templated":true}]}}