{"id":103,"date":"2020-04-29T22:52:18","date_gmt":"2020-04-29T20:52:18","guid":{"rendered":"http:\/\/michelgerard.deghorain.com\/?page_id=103"},"modified":"2020-05-02T16:25:58","modified_gmt":"2020-05-02T14:25:58","slug":"le-village-au-fil-du-temps","status":"publish","type":"page","link":"https:\/\/michelgerard.deghorain.com\/index.php\/le-village-au-fil-du-temps\/","title":{"rendered":"Le village au fil du temps"},"content":{"rendered":"\n<p>Le village de la Fougerolle n&rsquo;est pas n\u00e9 de la derni\u00e8re pluie. Les cartes ci-dessous en attestent. Le nom de La Fougerolle appara\u00eet d\u00e9j\u00e0 dans le cadastre en 1413.<\/p>\n\n\n\n<p class=\"has-large-font-size\">XVIIIe si\u00e8cle<\/p>\n\n\n\n<p>Dans cette carte de Cassini, datant de la seconde moiti\u00e9 du XVIIIe si\u00e8cle, nous voyons La Fougerolle ainsi que le Thuel, la ferme qui, \u00e0 cette \u00e9poque, appartenait \u00e0 <a href=\"http:\/\/michelgerard.deghorain.com\/index.php\/michel-gerard-depute-des-etats-generaux\/\">Michel G\u00e9rard<\/a>.  <\/p>\n\n\n\n<figure class=\"wp-block-image size-large\"><a href=\"http:\/\/michelgerard.deghorain.com\/wp-content\/uploads\/2020\/04\/Carte_ge\u0301ne\u0301rale_de_la_France_...Capitaine_Louis_btv1b53095172w_1-1.jpg\"><img loading=\"lazy\" decoding=\"async\" width=\"747\" height=\"365\" src=\"http:\/\/michelgerard.deghorain.com\/wp-content\/uploads\/2020\/04\/Carte_ge\u0301ne\u0301rale_de_la_France_...Capitaine_Louis_btv1b53095172w_1-1.jpg\" alt=\"\" class=\"wp-image-118\" srcset=\"https:\/\/michelgerard.deghorain.com\/wp-content\/uploads\/2020\/04\/Carte_ge\u0301ne\u0301rale_de_la_France_...Capitaine_Louis_btv1b53095172w_1-1.jpg 747w, https:\/\/michelgerard.deghorain.com\/wp-content\/uploads\/2020\/04\/Carte_ge\u0301ne\u0301rale_de_la_France_...Capitaine_Louis_btv1b53095172w_1-1-300x147.jpg 300w\" sizes=\"auto, (max-width: 747px) 100vw, 747px\" \/><\/a><figcaption>Carte g\u00e9n\u00e9rale de la France. 128, [Dinan]. N\u00b0128. Flle 175 \/ [\u00e9tablie sous la direction de C\u00e9sar-Fran\u00e7ois Cassini de Thury]<br>Source : <a href=\"https:\/\/gallica.bnf.fr\/ark:\/12148\/btv1b53095172w\" target=\"_blank\" rel=\"noreferrer noopener\">gallica.bnf.fr \/ Biblioth\u00e8que nationale de France \u00bb ou \u00ab&nbsp;Source gallica.bnf.fr \/ BnF<\/a><br><\/figcaption><\/figure>\n\n\n\n<p class=\"has-large-font-size\">Au d\u00e9but du XIXe si\u00e8cle<\/p>\n\n\n\n<p>Le Village de la Fougerolle a \u00e9t\u00e9 cadastr\u00e9 sous Napol\u00e9on en 1814. Le tableau d&rsquo;assemblage du plan cadastral parcellaire de Montgermont \u00e0 \u00e9t\u00e9 termin\u00e9 sur le terrain le 28 novembre 1814 sous l&rsquo;administration, entre autres, de Mr Lebreton, maire de l&rsquo;\u00e9poque.<\/p>\n\n\n\n<figure class=\"wp-block-image size-large\"><a href=\"http:\/\/michelgerard.deghorain.com\/wp-content\/uploads\/2020\/05\/Capture-d\u2019e\u0301cran-2020-05-01-a\u0300-19.15.42.png\"><img loading=\"lazy\" decoding=\"async\" width=\"986\" height=\"589\" src=\"http:\/\/michelgerard.deghorain.com\/wp-content\/uploads\/2020\/05\/Capture-d\u2019e\u0301cran-2020-05-01-a\u0300-19.15.42.png\" alt=\"\" class=\"wp-image-152\" srcset=\"https:\/\/michelgerard.deghorain.com\/wp-content\/uploads\/2020\/05\/Capture-d\u2019e\u0301cran-2020-05-01-a\u0300-19.15.42.png 986w, https:\/\/michelgerard.deghorain.com\/wp-content\/uploads\/2020\/05\/Capture-d\u2019e\u0301cran-2020-05-01-a\u0300-19.15.42-300x179.png 300w, https:\/\/michelgerard.deghorain.com\/wp-content\/uploads\/2020\/05\/Capture-d\u2019e\u0301cran-2020-05-01-a\u0300-19.15.42-768x459.png 768w\" sizes=\"auto, (max-width: 986px) 100vw, 986px\" \/><\/a><figcaption>Tableau d&rsquo;assemblage du plan cadastral parcellaire de Montgermont <br>Archives d\u00e9partementales d\u2019Ille-et-Vilaine, cote 3 P 5417<br>Source : <a rel=\"noreferrer noopener\" href=\"http:\/\/archives-en-ligne.ille-et-vilaine.fr\/thot_internet\/ark:\/49933\/thtsj3txb1fh\/20677\/1\" target=\"_blank\">Toth<\/a><\/figcaption><\/figure>\n\n\n\n<figure class=\"wp-block-image size-large\"><a href=\"http:\/\/michelgerard.deghorain.com\/wp-content\/uploads\/2020\/05\/Capture-d\u2019e\u0301cran-2020-05-01-a\u0300-19.29.36.png\"><img loading=\"lazy\" decoding=\"async\" width=\"1024\" height=\"543\" src=\"http:\/\/michelgerard.deghorain.com\/wp-content\/uploads\/2020\/05\/Capture-d\u2019e\u0301cran-2020-05-01-a\u0300-19.29.36-1024x543.png\" alt=\"\" class=\"wp-image-153\" srcset=\"https:\/\/michelgerard.deghorain.com\/wp-content\/uploads\/2020\/05\/Capture-d\u2019e\u0301cran-2020-05-01-a\u0300-19.29.36-1024x543.png 1024w, https:\/\/michelgerard.deghorain.com\/wp-content\/uploads\/2020\/05\/Capture-d\u2019e\u0301cran-2020-05-01-a\u0300-19.29.36-300x159.png 300w, https:\/\/michelgerard.deghorain.com\/wp-content\/uploads\/2020\/05\/Capture-d\u2019e\u0301cran-2020-05-01-a\u0300-19.29.36-768x407.png 768w, https:\/\/michelgerard.deghorain.com\/wp-content\/uploads\/2020\/05\/Capture-d\u2019e\u0301cran-2020-05-01-a\u0300-19.29.36.png 1399w\" sizes=\"auto, (max-width: 1024px) 100vw, 1024px\" \/><\/a><figcaption>Plan cadastral parcellaire de Montgermont &#8211; Section A du Bourg. Parcelles 1-379<br>Archives d\u00e9partementales d\u2019Ille-et-Vilaine, cote 3 P 5417<br>Source : <a href=\"http:\/\/archives-en-ligne.ille-et-vilaine.fr\/thot_internet\/ark:\/49933\/thtprr4xht15\/20678\/1\" target=\"_blank\" rel=\"noreferrer noopener\">Toth<\/a><\/figcaption><\/figure>\n\n\n\n<p>Sur la carte d&rsquo;\u00e9tat-major, entre 1820 et 1866, le village de Fougerolle appara\u00eet accol\u00e9 au quartier Gilbert. La ferme Gilbert est cependant un peu plus d\u00e9cal\u00e9e \u00e0 l&rsquo;est de la Fougerolle.<\/p>\n\n\n\n<figure class=\"wp-block-image size-large\"><a href=\"http:\/\/michelgerard.deghorain.com\/wp-content\/uploads\/2020\/05\/Capture-d\u2019e\u0301cran-2020-05-01-a\u0300-13.05.05.png\"><img loading=\"lazy\" decoding=\"async\" width=\"806\" height=\"526\" src=\"http:\/\/michelgerard.deghorain.com\/wp-content\/uploads\/2020\/05\/Capture-d\u2019e\u0301cran-2020-05-01-a\u0300-13.05.05.png\" alt=\"\" class=\"wp-image-135\" srcset=\"https:\/\/michelgerard.deghorain.com\/wp-content\/uploads\/2020\/05\/Capture-d\u2019e\u0301cran-2020-05-01-a\u0300-13.05.05.png 806w, https:\/\/michelgerard.deghorain.com\/wp-content\/uploads\/2020\/05\/Capture-d\u2019e\u0301cran-2020-05-01-a\u0300-13.05.05-300x196.png 300w, https:\/\/michelgerard.deghorain.com\/wp-content\/uploads\/2020\/05\/Capture-d\u2019e\u0301cran-2020-05-01-a\u0300-13.05.05-768x501.png 768w\" sizes=\"auto, (max-width: 806px) 100vw, 806px\" \/><\/a><figcaption>Carte d&rsquo;\u00e9tat-major, 1820-1866<br>\u00a9 IGN 2020 &#8211; Source : <a href=\"https:\/\/www.geoportail.gouv.fr\/carte?c=-1.7248560687020753,48.15793490958839&amp;z=15&amp;l0=ORTHOIMAGERY.ORTHOPHOTOS::GEOPORTAIL:OGC:WMTS(1;h)&amp;l1=TRANSPORTNETWORKS.ROADS::GEOPORTAIL:OGC:WMTS(1;h;g)&amp;l2=ORTHOIMAGERY.ORTHOPHOTOS.1950-1965::GEOPORTAIL:OGC:WMTS(1;h)&amp;l3=GEOGRAPHICALGRIDSYSTEMS.ETATMAJOR40::GEOPORTAIL:OGC:WMTS(1)&amp;permalink=yes\" target=\"_blank\" rel=\"noreferrer noopener\">G\u00e9oportail<\/a><\/figcaption><\/figure>\n\n\n\n<p>La carte suivante est une carte topographique des environs de Rennes datant de 1846. Vous remarquez au passage que sur cette carte, c&rsquo;est le nom de Fougerolles au pluriel qui est utilis\u00e9.<\/p>\n\n\n\n<figure class=\"wp-block-image size-large\"><a href=\"http:\/\/michelgerard.deghorain.com\/wp-content\/uploads\/2020\/04\/Capture-d\u2019e\u0301cran-2020-04-30-a\u0300-01.59.05.png\"><img loading=\"lazy\" decoding=\"async\" width=\"715\" height=\"356\" src=\"http:\/\/michelgerard.deghorain.com\/wp-content\/uploads\/2020\/04\/Capture-d\u2019e\u0301cran-2020-04-30-a\u0300-01.59.05.png\" alt=\"\" class=\"wp-image-124\" srcset=\"https:\/\/michelgerard.deghorain.com\/wp-content\/uploads\/2020\/04\/Capture-d\u2019e\u0301cran-2020-04-30-a\u0300-01.59.05.png 715w, https:\/\/michelgerard.deghorain.com\/wp-content\/uploads\/2020\/04\/Capture-d\u2019e\u0301cran-2020-04-30-a\u0300-01.59.05-300x149.png 300w\" sizes=\"auto, (max-width: 715px) 100vw, 715px\" \/><\/a><figcaption>Carte topographique des environs de Rennes \/ par A. H. ; lith. Landais &amp; Oberthur<br>Source : <a href=\"https:\/\/gallica.bnf.fr\/ark:\/12148\/btv1b53087905r\" target=\"_blank\" rel=\"noreferrer noopener\">gallica.bnf.fr \/ Biblioth\u00e8que nationale de France \u00bb ou \u00ab&nbsp;Source gallica.bnf.fr \/ BnF<\/a><\/figcaption><\/figure>\n\n\n\n<p>Cette carte des environs de Rennes a \u00e9t\u00e9 \u00e9dit\u00e9e en 1872 par le D\u00e9p\u00f4t de Guerre.<\/p>\n\n\n\n<figure class=\"wp-block-image size-large\"><a href=\"http:\/\/michelgerard.deghorain.com\/wp-content\/uploads\/2020\/04\/Environs_de_Rennes__btv1b8469740f_1.jpg\"><img loading=\"lazy\" decoding=\"async\" width=\"653\" height=\"262\" src=\"http:\/\/michelgerard.deghorain.com\/wp-content\/uploads\/2020\/04\/Environs_de_Rennes__btv1b8469740f_1.jpg\" alt=\"\" class=\"wp-image-121\" srcset=\"https:\/\/michelgerard.deghorain.com\/wp-content\/uploads\/2020\/04\/Environs_de_Rennes__btv1b8469740f_1.jpg 653w, https:\/\/michelgerard.deghorain.com\/wp-content\/uploads\/2020\/04\/Environs_de_Rennes__btv1b8469740f_1-300x120.jpg 300w\" sizes=\"auto, (max-width: 653px) 100vw, 653px\" \/><\/a><figcaption>Carte des Environs de Rennes, 1872<br>Source : <a href=\"https:\/\/gallica.bnf.fr\/ark:\/12148\/btv1b8469740f\" target=\"_blank\" rel=\"noreferrer noopener\">gallica.bnf.fr \/ Biblioth\u00e8que nationale de France \u00bb ou \u00ab&nbsp;Source gallica.bnf.fr \/ BnF<\/a><\/figcaption><\/figure>\n\n\n\n<p>La carte ci-dessous date de 1882. On y distingue clairement les quelques habitations et ferme du village de l&rsquo;\u00e9poque. Le Thuel et les 3 fermes de l&rsquo;actuelle rue Michel G\u00e9rard.<\/p>\n\n\n\n<figure class=\"wp-block-image size-large\"><a href=\"http:\/\/michelgerard.deghorain.com\/wp-content\/uploads\/2020\/04\/Environs_de_Rennes__btv1b53021013x_1.jpg\"><img loading=\"lazy\" decoding=\"async\" width=\"1024\" height=\"595\" src=\"http:\/\/michelgerard.deghorain.com\/wp-content\/uploads\/2020\/04\/Environs_de_Rennes__btv1b53021013x_1-1024x595.jpg\" alt=\"\" class=\"wp-image-122\" srcset=\"https:\/\/michelgerard.deghorain.com\/wp-content\/uploads\/2020\/04\/Environs_de_Rennes__btv1b53021013x_1-1024x595.jpg 1024w, https:\/\/michelgerard.deghorain.com\/wp-content\/uploads\/2020\/04\/Environs_de_Rennes__btv1b53021013x_1-300x174.jpg 300w, https:\/\/michelgerard.deghorain.com\/wp-content\/uploads\/2020\/04\/Environs_de_Rennes__btv1b53021013x_1-768x446.jpg 768w, https:\/\/michelgerard.deghorain.com\/wp-content\/uploads\/2020\/04\/Environs_de_Rennes__btv1b53021013x_1.jpg 1443w\" sizes=\"auto, (max-width: 1024px) 100vw, 1024px\" \/><\/a><figcaption>Carte des Environs de Rennes, 1882<br>Source : <a href=\"https:\/\/gallica.bnf.fr\/ark:\/12148\/btv1b53021013x\" target=\"_blank\" rel=\"noreferrer noopener\">gallica.bnf.fr \/ Biblioth\u00e8que nationale de France \u00bb ou \u00ab&nbsp;Source gallica.bnf.fr \/ BnF<\/a><\/figcaption><\/figure>\n\n\n\n<p class=\"has-large-font-size\">XXe si\u00e8cle<\/p>\n\n\n\n<p>Cette carte de 1908, \u00e9dit\u00e9e par l&rsquo;imprimerie du Service G\u00e9ographiqie de l&rsquo;arm\u00e9e n&rsquo;apporte pas beaucoup de nouveaut\u00e9s dans le village par rapport \u00e0 celle, tr\u00e8s ressemblante, de 1872.<\/p>\n\n\n\n<div class=\"wp-block-image\"><figure class=\"aligncenter size-large\"><a href=\"http:\/\/michelgerard.deghorain.com\/wp-content\/uploads\/2020\/04\/Environs_de_Rennes__btv1b8444697s_1.jpg\"><img loading=\"lazy\" decoding=\"async\" width=\"529\" height=\"279\" src=\"http:\/\/michelgerard.deghorain.com\/wp-content\/uploads\/2020\/04\/Environs_de_Rennes__btv1b8444697s_1.jpg\" alt=\"\" class=\"wp-image-123\" srcset=\"https:\/\/michelgerard.deghorain.com\/wp-content\/uploads\/2020\/04\/Environs_de_Rennes__btv1b8444697s_1.jpg 529w, https:\/\/michelgerard.deghorain.com\/wp-content\/uploads\/2020\/04\/Environs_de_Rennes__btv1b8444697s_1-300x158.jpg 300w\" sizes=\"auto, (max-width: 529px) 100vw, 529px\" \/><\/a><figcaption>Carte des environs de Rennes, 1980<br>Source : <a href=\"https:\/\/gallica.bnf.fr\/ark:\/12148\/btv1b53095172w\" target=\"_blank\" rel=\"noreferrer noopener\">gallica.bnf.fr \/ Biblioth\u00e8que nationale de France \u00bb ou \u00ab&nbsp;Source gallica.bnf.fr \/ BnF<\/a><\/figcaption><\/figure><\/div>\n\n\n\n<p class=\"has-large-font-size\">Dans les ann\u00e9es 1950-1965<\/p>\n\n\n\n<div class=\"wp-block-image\"><figure class=\"aligncenter size-large\"><a href=\"http:\/\/michelgerard.deghorain.com\/wp-content\/uploads\/2020\/05\/Capture-d\u2019e\u0301cran-2020-05-01-a\u0300-12.31.38.png\"><img loading=\"lazy\" decoding=\"async\" width=\"983\" height=\"526\" src=\"http:\/\/michelgerard.deghorain.com\/wp-content\/uploads\/2020\/05\/Capture-d\u2019e\u0301cran-2020-05-01-a\u0300-12.31.38.png\" alt=\"\" class=\"wp-image-132\" srcset=\"https:\/\/michelgerard.deghorain.com\/wp-content\/uploads\/2020\/05\/Capture-d\u2019e\u0301cran-2020-05-01-a\u0300-12.31.38.png 983w, https:\/\/michelgerard.deghorain.com\/wp-content\/uploads\/2020\/05\/Capture-d\u2019e\u0301cran-2020-05-01-a\u0300-12.31.38-300x161.png 300w, https:\/\/michelgerard.deghorain.com\/wp-content\/uploads\/2020\/05\/Capture-d\u2019e\u0301cran-2020-05-01-a\u0300-12.31.38-768x411.png 768w\" sizes=\"auto, (max-width: 983px) 100vw, 983px\" \/><\/a><figcaption>Photographie a\u00e9rienne des ann\u00e9es 1950-1965<br>\u00a9 IGN 2020 &#8211; Source : <a rel=\"noreferrer noopener\" href=\"https:\/\/www.geoportail.gouv.fr\/carte?c=-1.7229257969617238,48.15795719657348&amp;z=17&amp;l0=ORTHOIMAGERY.ORTHOPHOTOS::GEOPORTAIL:OGC:WMTS(1;h)&amp;l1=TRANSPORTNETWORKS.ROADS::GEOPORTAIL:OGC:WMTS(1;h;g)&amp;l2=ORTHOIMAGERY.ORTHOPHOTOS.1950-1965::GEOPORTAIL:OGC:WMTS(1)&amp;l3=GEOGRAPHICALGRIDSYSTEMS.ETATMAJOR40::GEOPORTAIL:OGC:WMTS(1;h)&amp;permalink=yes\" target=\"_blank\">G\u00e9oportail<\/a><\/figcaption><\/figure><\/div>\n\n\n\n<div class=\"wp-block-image\"><figure class=\"aligncenter size-large\"><a href=\"https:\/\/www.geoportail.gouv.fr\/carte?c=-1.7229257969617238,48.15795719657348&amp;z=17&amp;l0=ORTHOIMAGERY.ORTHOPHOTOS::GEOPORTAIL:OGC:WMTS(1;h)&amp;l1=TRANSPORTNETWORKS.ROADS::GEOPORTAIL:OGC:WMTS(1;g)&amp;l2=ORTHOIMAGERY.ORTHOPHOTOS.1950-1965::GEOPORTAIL:OGC:WMTS(0.45)&amp;l3=GEOGRAPHICALGRIDSYSTEMS.ETATMAJOR40::GEOPORTAIL:OGC:WMTS(1;h)&amp;permalink=yes\"><img loading=\"lazy\" decoding=\"async\" width=\"986\" height=\"519\" src=\"http:\/\/michelgerard.deghorain.com\/wp-content\/uploads\/2020\/05\/Capture-d\u2019e\u0301cran-2020-05-01-a\u0300-12.32.21-1.png\" alt=\"\" class=\"wp-image-134\" srcset=\"https:\/\/michelgerard.deghorain.com\/wp-content\/uploads\/2020\/05\/Capture-d\u2019e\u0301cran-2020-05-01-a\u0300-12.32.21-1.png 986w, https:\/\/michelgerard.deghorain.com\/wp-content\/uploads\/2020\/05\/Capture-d\u2019e\u0301cran-2020-05-01-a\u0300-12.32.21-1-300x158.png 300w, https:\/\/michelgerard.deghorain.com\/wp-content\/uploads\/2020\/05\/Capture-d\u2019e\u0301cran-2020-05-01-a\u0300-12.32.21-1-768x404.png 768w\" sizes=\"auto, (max-width: 986px) 100vw, 986px\" \/><\/a><figcaption>Surimpression des voies actuelles sur la photographie pr\u00e9c\u00e9dente. <br>\u00a9 IGN 2020 &#8211; Source : <a rel=\"noreferrer noopener\" href=\"https:\/\/www.geoportail.gouv.fr\/carte?c=-1.7229257969617238,48.15795719657348&amp;z=17&amp;l0=ORTHOIMAGERY.ORTHOPHOTOS::GEOPORTAIL:OGC:WMTS(1;h)&amp;l1=TRANSPORTNETWORKS.ROADS::GEOPORTAIL:OGC:WMTS(1;g)&amp;l2=ORTHOIMAGERY.ORTHOPHOTOS.1950-1965::GEOPORTAIL:OGC:WMTS(0.45)&amp;l3=GEOGRAPHICALGRIDSYSTEMS.ETATMAJOR40::GEOPORTAIL:OGC:WMTS(1;h)&amp;permalink=yes\" target=\"_blank\">Geoportail<\/a><\/figcaption><\/figure><\/div>\n\n\n\n<p class=\"has-large-font-size\">Actuellement<\/p>\n\n\n\n<figure class=\"wp-block-image size-large\"><a href=\"http:\/\/michelgerard.deghorain.com\/wp-content\/uploads\/2020\/05\/Capture-d\u2019e\u0301cran-2020-05-01-a\u0300-13.09.02.png\"><img loading=\"lazy\" decoding=\"async\" width=\"728\" height=\"430\" src=\"http:\/\/michelgerard.deghorain.com\/wp-content\/uploads\/2020\/05\/Capture-d\u2019e\u0301cran-2020-05-01-a\u0300-13.09.02.png\" alt=\"\" class=\"wp-image-136\" srcset=\"https:\/\/michelgerard.deghorain.com\/wp-content\/uploads\/2020\/05\/Capture-d\u2019e\u0301cran-2020-05-01-a\u0300-13.09.02.png 728w, https:\/\/michelgerard.deghorain.com\/wp-content\/uploads\/2020\/05\/Capture-d\u2019e\u0301cran-2020-05-01-a\u0300-13.09.02-300x177.png 300w\" sizes=\"auto, (max-width: 728px) 100vw, 728px\" \/><\/a><figcaption>Vue a\u00e9rienne<br>\u00a9 IGN 2020 &#8211; Source : <a href=\"https:\/\/www.geoportail.gouv.fr\/carte?c=-1.72065114197513,48.15848021468241&amp;z=16&amp;l0=ORTHOIMAGERY.ORTHOPHOTOS::GEOPORTAIL:OGC:WMTS(1)&amp;l1=TRANSPORTNETWORKS.ROADS::GEOPORTAIL:OGC:WMTS(1;g)&amp;l2=ORTHOIMAGERY.ORTHOPHOTOS.1950-1965::GEOPORTAIL:OGC:WMTS(1;h)&amp;l3=GEOGRAPHICALGRIDSYSTEMS.ETATMAJOR40::GEOPORTAIL:OGC:WMTS(1;h)&amp;permalink=yes\" target=\"_blank\" rel=\"noreferrer noopener\">Geoportail<\/a><\/figcaption><\/figure>\n","protected":false},"excerpt":{"rendered":"<p>Le village de la Fougerolle n&rsquo;est pas n\u00e9 de la derni\u00e8re pluie. Les cartes ci-dessous en attestent. Le nom de La Fougerolle appara\u00eet d\u00e9j\u00e0 dans le cadastre en 1413. XVIIIe si\u00e8cle Dans cette carte de Cassini, datant de la seconde moiti\u00e9 du XVIIIe si\u00e8cle, nous voyons La Fougerolle ainsi que le Thuel, la ferme qui, [&hellip;]<\/p>\n","protected":false},"author":1,"featured_media":0,"parent":0,"menu_order":0,"comment_status":"closed","ping_status":"closed","template":"","meta":{"footnotes":""},"class_list":["post-103","page","type-page","status-publish","hentry"],"_links":{"self":[{"href":"https:\/\/michelgerard.deghorain.com\/index.php\/wp-json\/wp\/v2\/pages\/103","targetHints":{"allow":["GET"]}}],"collection":[{"href":"https:\/\/michelgerard.deghorain.com\/index.php\/wp-json\/wp\/v2\/pages"}],"about":[{"href":"https:\/\/michelgerard.deghorain.com\/index.php\/wp-json\/wp\/v2\/types\/page"}],"author":[{"embeddable":true,"href":"https:\/\/michelgerard.deghorain.com\/index.php\/wp-json\/wp\/v2\/users\/1"}],"replies":[{"embeddable":true,"href":"https:\/\/michelgerard.deghorain.com\/index.php\/wp-json\/wp\/v2\/comments?post=103"}],"version-history":[{"count":9,"href":"https:\/\/michelgerard.deghorain.com\/index.php\/wp-json\/wp\/v2\/pages\/103\/revisions"}],"predecessor-version":[{"id":169,"href":"https:\/\/michelgerard.deghorain.com\/index.php\/wp-json\/wp\/v2\/pages\/103\/revisions\/169"}],"wp:attachment":[{"href":"https:\/\/michelgerard.deghorain.com\/index.php\/wp-json\/wp\/v2\/media?parent=103"}],"curies":[{"name":"wp","href":"https:\/\/api.w.org\/{rel}","templated":true}]}}